t w = -8 - -8. Suppose w = 4*q - 8 - 12. Suppose 0 = -4*m - 5*c + 272, q*c - c - 205 = -3*m. What are the prime factors of m?
3, 7
Suppose q - 2786 = -u, 8*q - 11176 = -4*u + 12*q. What are the prime factors of u?
2, 3, 5, 31
Suppose 0 = 14*z + 3*z - 15164. What are the prime factors of z?
2, 223
Let f(c) = -281*c - 1177. What are the prime factors of f(-18)?
3881
Suppose -2*p + 5*p = -12, 2*p - 2477 = -5*i. List the prime factors of i.
7, 71
Let n(w) = w**3 - 10*w**2 + 9*w + 9. Let y be n(9). Suppose -6*g - 326 = -y*g - 2*z, -555 = -5*g - z. What are the prime factors of g?
2, 7
Suppose 5*q = 4*s - 208, s + 5*q - 156 = -2*s. Let r be 4 + (-4)/4 - 1. Suppose 24 = r*f - s. What are the prime factors of f?
2, 19
Let p be 2/(-9) + 228/54. Let f(v) = v**3 - 3*v**2 - 4*v - 2. Let o be f(p). List the prime factors of 0 + o + 1 + 34.
3, 11
Let j(t) = -2*t - 4. Let v be (-1 + 4)*-1 - 0. List the prime factors of j(v).
2
Let v = 8 - 11. Let m be (-148)/8*(v + 1). Suppose -n = -j - 4 - m, -n + 45 = j. What are the prime factors of n?
43
Let l(p) = -p**2 - 11*p + 11. Let j(w) = -16*w - 2. Let n be j(-1). Suppose 0 = -2*s - 4 - n. What are the prime factors of l(s)?
29
Suppose -3*p - 3*z + 4065 = 0, 12*z - 9*z = -9. List the prime factors of p.
2, 7, 97
Suppose 5*h + 795 = 5*c, 3*h - 254 + 894 = 4*c. Suppose 83*i = 84*i - c. What are the prime factors of i?
163
Let g(f) = 26 + 0*f**2 - f + f**2 + 42 - 9. What are the prime factors of g(0)?
59
What are the prime factors of (-732)/(-61)*1*183?
2, 3, 61
Let x = 307 - 182. Suppose u = -m + 47, -8 - x = -3*u + 5*m. Suppose -u = -g + 10. What are the prime factors of g?
2, 7
Let b be (-4)/(-14) - 104/(-28). Suppose b*u + 13 = -31. List the prime factors of u*1/2*-10.
5, 11
Suppose -2*s - 44 = 2*s. Let l(p) = 2*p**2 + 14*p - 21. List the prime factors of l(s).
67
Suppose -w + 17 = -33. Suppose y - w = -15. List the prime factors of y.
5, 7
Let u be 3*7/(42/8). Suppose -2*p - 192 = -u*b, -3*p + 45 = b + 11. List the prime factors of b.
2, 23
Suppose 0 = v + 4, -508 = -3*n + v - 210. List the prime factors of n.
2, 7
Let x(m) = -m**3 - 2*m**2 - 5*m + 3. Let t be x(-4). List the prime factors of t + 4 + 0 - 1.
2, 29
Suppose 4*r = 5*h - 198, 2*h + r - 36 = h. Suppose -148 = -5*x - h. Suppose x = 2*b - 14. List the prime factors of b.
2, 3
Let d(v) = -258*v + 14. List the prime factors of d(-1).
2, 17
Suppose -4*c + 3 = 27. Let h be (5 + c)/(1/(-23)). Let o = 6 + h. What are the prime factors of o?
29
Let c(x) = x**3 - 12*x**2 - 3*x + 12. Let n be c(9). Let d = -152 - n. List the prime factors of d.
2, 53
Let b(k) = 3*k - 89. Let f be b(30). Suppose h = f + 4, -4*a + 342 = 2*h. What are the prime factors of a?
83
Suppose 2110 = 5*d + 2*q - 740, -25 = 5*q. What are the prime factors of d?
2, 11, 13
Let n(o) = -7*o**2 - 6*o - 2. Let q be n(-4). Let k = q - 236. List the prime factors of k/(-12) + 3/(-18).
3
Let p be 1 + 3 - (-2 + -4 + 6). Suppose 458 + 46 = p*d. What are the prime factors of d?
2, 3, 7
Let p(j) = 2*j**2 + 9*j + 12. Suppose -f + 45 = -6*f. List the prime factors of p(f).
3, 31
Suppose 0 = 4*y - 52 + 16. What are the prime factors of 95 - y/((-18)/8)?
3, 11
Let y = 76 - 56. Suppose 0 = -3*f + 13 + y. What are the prime factors of f?
11
Suppose -5*u - 2*p = -3*u - 12, 3*u = -p + 12. List the prime factors of 82 + (0 - u - -3).
2, 41
Let a be (1 + 1 + -1)/1. Let c(t) be the second derivative of 17*t**4/12 + t**3/6 + t. What are the prime factors of c(a)?
2, 3
Suppose -6*a - 8 = -8*a. List the prime factors of (3655/(-9))/(-5) + a/(-18).
3
Let h(m) = -7*m**2 - 2*m. Let p be h(-2). Let b = p + 22. What are the prime factors of ((-21)/(-9))/(b/(-18))?
3, 7
Suppose -18*w + 12246 + 4746 = 0. What are the prime factors of w?
2, 59
Let r = -7 + 14. Let b = r - -1. Let t = b + -5. What are the prime factors of t?
3
Suppose -3 = -15*a + 14*a. Suppose -2*c + a*c = 101. List the prime factors of c.
101
Let z be 4 - 1/((-4)/(-16)). Suppose -5*w - 16 - 29 = z. Let o = w + 14. What are the prime factors of o?
5
Suppose 2*a - 3*u - 644 = 0, 0 = -3*a - 3*u - u + 966. Suppose -a = -5*k - 4*v + 3*v, 0 = 5*k + 5*v - 330. What are the prime factors of k?
2
Let w be -3 + 1 + (-242)/(-1). Suppose o + 4*o + w = 0. Let d = -7 - o. What are the prime factors of d?
41
Let g(p) = -4*p + 9. Let x be g(3). What are the prime factors of (-36)/(-15)*(-10)/x?
2
Let n be (12/(-8))/(4/(-8)). Let z(s) = 4*s - 2. Let j be z(11). Suppose 111 = n*i - j. What are the prime factors of i?
3, 17
Let y = 196 - -254. Suppose 0 = -3*l - 6*l + y. List the prime factors of l.
2, 5
Let c(s) = -5*s + 4. Suppose 6*y - 8 = 4*y. Let v be c(y). Let m = -8 - v. List the prime factors of m.
2
Let q(r) = 10*r**2 - r + 1. Let n be q(-2). Suppose 4*j - 193 = n. List the prime factors of j.
59
Suppose -11 = -3*n - n + 3*k, -25 = 5*k. Let i be 2 - 8 - (n + -1). List the prime factors of 5 - 3 - 0 - i.
2, 3
Suppose -y = k - 1728, 2*y + 1891 = -4*k + 8793. List the prime factors of k.
1723
Let m be -2 - (-4 + -6 + 4). Suppose 2 = -5*w - m*p, 4*w + 3*p + 1 + 0 = 0. Suppose 12 = -w*x + 4*i, -3*x - 2*i + i = -10. List the prime factors of x.
2
Suppose 2*o + 2*h - 1374 = 6*h, 5*h = 3*o - 2066. Let u = o + -486. What are the prime factors of u?
211
Suppose 8*k - 2125 = 987. List the prime factors of k.
389
Let g = -2 + 6. Suppose g*o = -o + 280. Suppose -7*u + 3*u - 33 = -t, 2*t = 3*u + o. What are the prime factors of t?
5
Let c(z) = 370*z**2 - 9*z + 22. List the prime factors of c(3).
5, 7, 19
Suppose 0 = -4*t + 529 + 247. List the prime factors of t.
2, 97
Let v be (0/(-8))/((-4)/(-2 - 0)). Suppose d - 316 = -3*o, v = 4*o + o + 25. What are the prime factors of d?
331
Let s = 64 - -67. What are the prime factors of s?
131
Let x be 4/8 - (-3)/(-6). Let m(k) = -k**3 - 2*k + 287. What are the prime factors of m(x)?
7, 41
Suppose 0 = -2*q + 50 + 6. Let a be 6/21 - (-2848)/q. Let u = a - 67. List the prime factors of u.
5, 7
Suppose -3*d - v = -88, 4*d + 5*v - 119 = 2*v. Let q = -24 + d. Suppose 0 = -2*w - 4*l + 46, -3*w + q*l - 8 = -4*w. What are the prime factors of w?
3, 11
Suppose -4*j + 5*k = 12 + 9, -5*k + 1 = j. Let q(z) = -4*z**2 + z + 5. Let h(x) = -5*x**2 + 5. Let a(t) = 5*h(t) - 6*q(t). List the prime factors of a(j).
3
Let o(r) = r**3 + 4*r**2 + 3*r - 3. What are the prime factors of o(4)?
137
Let v = -193 + 68. Let z = -70 - v. List the prime factors of z.
5, 11
Let q(r) = 24*r**2 - 10*r + 34. What are the prime factors of q(5)?
2, 73
Let o(n) = -14*n**3 + n. Let z be o(-1). Suppose 43*w - 41*w = 4. Suppose -w*k - z = -3*k. List the prime factors of k.
13
Let h(v) = -v**3 + 2*v**2 - 6*v + 10. What are the prime factors of h(-8)?
2, 349
Suppose 3*n + 2*n = 15. Suppose -3*h = 0, 0 = 2*a + 3*h - n + 11. List the prime factors of (-90)/(-20) + 6/a.
3
Suppose -32 = -5*p + 48. Suppose 14*f - p*f + 46 = 0. List the prime factors of f.
23
Let p = 9 + 70. Let i = 141 - p. List the prime factors of i.
2, 31
Let c(t) = -221 - t + 53 + 55 + 58 + 61. Let j = 4 - 1. List the prime factors of c(j).
3
Suppose 0 = 1945*h - 1956*h + 34210. What are the prime factors of h?
2, 5, 311
Let q(u) = u**2 + 6*u - 16. Let z be q(-6). What are the prime factors of 18/((-20)/(-10) - z/(-9))?
3
Suppose 0 = 4*g + 5*h - 876, 0*g - 3*g + h = -676. What are the prime factors of g?
2, 7
Suppose -4*s + 20 = 0, -4*s - 217 = -2*q - q. Suppose 2*u + 1 - q = 0. Let l = 77 - u. What are the prime factors of l?
2, 19
Let n be 2/(-8) + (-309)/(-4). Let w = 238 - n. What are the prime factors of w?
7, 23
Let g be -1*2 - 6/(-3). Suppose g = 4*u + u. Suppose u*v + 105 = 5*v. What are the prime factors of v?
3, 7
What are the prime factors of ((-8)/6)/(5120/(-2556) - -2)?
2, 3, 71
Let f = -480 + 708. What are the prime factors of (f/(-8))/(1/(-2))?
3, 19
Let y(n) = -n**2 - 3*n - 5. Let d be y(-5). Let b(k) = -k**3 - 4*k**2 - 2*k + 1. Let w be b(-4). Let j = w - d. List the prime factors of j.
2, 3
Let t(c) = c**3 - 12*c**2 + 15*c - 35. What are the prime factors of t(14)?
3, 7
What are the prime factors of 70/(-14) + 256 + -1?
2, 5
Let h(j) = -j**2 - 5*j - 2. Let c be 1*(0 + -1) + -1. Let b be h(c). List the prime factors of (20*b - 2)/1.
2, 3, 13
Let j be (-1)/(2 - 122/62). Let p be 4904/104 - 4/26. L